[INFO] fetching crate open-asset-importer 0.2.1...
[INFO] checking open-asset-importer-0.2.1 against master#cfbc6d4cf1acbac5c025acf8ed68929caa551df3 for pr-75494-beta
[INFO] extracting crate open-asset-importer 0.2.1 into /workspace/builds/worker-4/source
[INFO] validating manifest of crates.io crate open-asset-importer 0.2.1 on toolchain cfbc6d4cf1acbac5c025acf8ed68929caa551df3
[INFO] running `Command { std: "/workspace/cargo-home/bin/cargo" "+cfbc6d4cf1acbac5c025acf8ed68929caa551df3" "read-manifest" "--manifest-path" "Cargo.toml", kill_on_drop: false }`
[INFO] started tweaking crates.io crate open-asset-importer 0.2.1
[INFO] finished tweaking crates.io crate open-asset-importer 0.2.1
[INFO] tweaked toml for crates.io crate open-asset-importer 0.2.1 written to /workspace/builds/worker-4/source/Cargo.toml
[INFO] crate crates.io crate open-asset-importer 0.2.1 already has a lockfile, it will not be regenerated
[INFO] running `Command { std: "/workspace/cargo-home/bin/cargo" "+cfbc6d4cf1acbac5c025acf8ed68929caa551df3" "fetch" "--locked" "--manifest-path" "Cargo.toml", kill_on_drop: false }`
[INFO] [stderr]  Downloading crates ...
[INFO] [stderr]   Downloaded cgl v0.2.3
[INFO] [stderr]   Downloaded glium v0.18.1
[INFO] [stderr]   Downloaded gleam v0.6.19
[INFO] [stderr]   Downloaded smallvec v0.4.5
[INFO] [stderr]   Downloaded bindgen v0.54.0
[INFO] [stderr]   Downloaded wayland-scanner v0.9.10
[INFO] [stderr]   Downloaded core-foundation v0.4.6
[INFO] [stderr]   Downloaded core-foundation v0.3.0
[INFO] [stderr]   Downloaded target_build_utils v0.3.1
[INFO] [stderr]   Downloaded core-foundation-sys v0.4.6
[INFO] [stderr]   Downloaded dwmapi-sys v0.1.1
[INFO] [stderr]   Downloaded wayland-client v0.9.10
[INFO] [stderr]   Downloaded dlib v0.3.1
[INFO] [stderr]   Downloaded wayland-window v0.8.0
[INFO] [stderr]   Downloaded glutin v0.10.1
[INFO] [stderr]   Downloaded memmap v0.4.0
[INFO] [stderr]   Downloaded wayland-protocols v0.9.10
[INFO] [stderr]   Downloaded wayland-kbd v0.9.1
[INFO] [stderr]   Downloaded core-foundation-sys v0.3.1
[INFO] [stderr]   Downloaded libloading v0.3.4
[INFO] [stderr]   Downloaded wayland-sys v0.9.10
[INFO] [stderr]   Downloaded autogenerated-assimp-sys v0.1.0
[INFO] [stderr]   Downloaded winit v0.8.3
[INFO] [stderr]   Downloaded cocoa v0.9.2
[INFO] [stderr]   Downloaded core-graphics v0.8.2
[INFO] running `Command { std: "docker" "create" "-v" "/var/lib/crater-agent-workspace/builds/worker-4/target:/opt/rustwide/target:rw,Z" "-v" "/var/lib/crater-agent-workspace/builds/worker-4/source:/opt/rustwide/workdir:ro,Z" "-v" "/var/lib/crater-agent-workspace/cargo-home:/opt/rustwide/cargo-home:ro,Z" "-v" "/var/lib/crater-agent-workspace/rustup-home:/opt/rustwide/rustup-home:ro,Z" "-e" "SOURCE_DIR=/opt/rustwide/workdir" "-e" "CARGO_TARGET_DIR=/opt/rustwide/target" "-e" "CARGO_HOME=/opt/rustwide/cargo-home" "-e" "RUSTUP_HOME=/opt/rustwide/rustup-home" "-w" "/opt/rustwide/workdir" "-m" "1610612736" "--user" "0:0" "--network" "none" "rustops/crates-build-env@sha256:a636fd89d022f18117e1dc8fb37a0a009933cdbbe082814857f0e2024962d47c" "/opt/rustwide/cargo-home/bin/cargo" "+cfbc6d4cf1acbac5c025acf8ed68929caa551df3" "metadata" "--no-deps" "--format-version=1", kill_on_drop: false }`
[INFO] [stderr] WARNING: Your kernel does not support swap limit capabilities or the cgroup is not mounted. Memory limited without swap.
[INFO] [stdout] 0da77e7de246324ad4d9cac3db082168e978c7369f7377d1e6519f2a3062882f
[INFO] running `Command { std: "docker" "start" "-a" "0da77e7de246324ad4d9cac3db082168e978c7369f7377d1e6519f2a3062882f", kill_on_drop: false }`
[INFO] running `Command { std: "docker" "inspect" "0da77e7de246324ad4d9cac3db082168e978c7369f7377d1e6519f2a3062882f", kill_on_drop: false }`
[INFO] running `Command { std: "docker" "rm" "-f" "0da77e7de246324ad4d9cac3db082168e978c7369f7377d1e6519f2a3062882f", kill_on_drop: false }`
[INFO] [stdout] 0da77e7de246324ad4d9cac3db082168e978c7369f7377d1e6519f2a3062882f
[INFO] running `Command { std: "docker" "create" "-v" "/var/lib/crater-agent-workspace/builds/worker-4/target:/opt/rustwide/target:rw,Z" "-v" "/var/lib/crater-agent-workspace/builds/worker-4/source:/opt/rustwide/workdir:ro,Z" "-v" "/var/lib/crater-agent-workspace/cargo-home:/opt/rustwide/cargo-home:ro,Z" "-v" "/var/lib/crater-agent-workspace/rustup-home:/opt/rustwide/rustup-home:ro,Z" "-e" "SOURCE_DIR=/opt/rustwide/workdir" "-e" "CARGO_TARGET_DIR=/opt/rustwide/target" "-e" "CARGO_INCREMENTAL=0" "-e" "RUST_BACKTRACE=full" "-e" "RUSTFLAGS=--cap-lints=forbid" "-e" "CARGO_HOME=/opt/rustwide/cargo-home" "-e" "RUSTUP_HOME=/opt/rustwide/rustup-home" "-w" "/opt/rustwide/workdir" "-m" "1610612736" "--user" "0:0" "--network" "none" "rustops/crates-build-env@sha256:a636fd89d022f18117e1dc8fb37a0a009933cdbbe082814857f0e2024962d47c" "/opt/rustwide/cargo-home/bin/cargo" "+cfbc6d4cf1acbac5c025acf8ed68929caa551df3" "check" "--frozen" "--all" "--all-targets" "--message-format=json", kill_on_drop: false }`
[INFO] [stdout] 3c178890d27d1ed49de84492f91f9b456fd2491deac594f6f13d6debde8551c8
[INFO] [stderr] WARNING: Your kernel does not support swap limit capabilities or the cgroup is not mounted. Memory limited without swap.
[INFO] running `Command { std: "docker" "start" "-a" "3c178890d27d1ed49de84492f91f9b456fd2491deac594f6f13d6debde8551c8", kill_on_drop: false }`
[INFO] [stderr]    Compiling libc v0.2.71
[INFO] [stderr]    Compiling autocfg v0.1.7
[INFO] [stderr]    Compiling autocfg v1.0.0
[INFO] [stderr]    Compiling log v0.4.8
[INFO] [stderr]    Compiling cfg-if v0.1.10
[INFO] [stderr]    Compiling dtoa v0.4.5
[INFO] [stderr]    Compiling serde v0.9.15
[INFO] [stderr]    Compiling itoa v0.3.4
[INFO] [stderr]    Compiling cc v1.0.54
[INFO] [stderr]    Compiling pkg-config v0.3.17
[INFO] [stderr]    Compiling bitflags v0.9.1
[INFO] [stderr]    Compiling proc-macro2 v1.0.17
[INFO] [stderr]    Compiling winapi-build v0.1.1
[INFO] [stderr]    Compiling version_check v0.9.2
[INFO] [stderr]    Compiling glob v0.3.0
[INFO] [stderr]    Compiling khronos_api v2.2.0
[INFO] [stderr]    Compiling unicode-xid v0.2.0
[INFO] [stderr]    Compiling lazy_static v1.4.0
[INFO] [stderr]    Compiling quick-error v1.2.3
[INFO] [stderr]    Compiling regex-syntax v0.6.17
[INFO] [stderr]    Compiling unicode-width v0.1.7
[INFO] [stderr]    Compiling ansi_term v0.11.0
[INFO] [stderr]    Compiling bindgen v0.54.0
[INFO] [stderr]    Compiling termcolor v1.1.0
[INFO] [stderr]    Compiling vec_map v0.8.2
[INFO] [stderr]    Compiling maybe-uninit v2.0.0
[INFO] [stderr]    Compiling strsim v0.8.0
[INFO] [stderr]    Compiling lazycell v1.2.1
[INFO] [stderr]    Compiling shlex v0.1.1
[INFO] [stderr]    Compiling peeking_take_while v0.1.2
[INFO] [stderr]    Compiling rustc-hash v1.1.0
[INFO] [stderr]    Compiling syn v1.0.30
[INFO] [stderr]    Compiling cgmath v0.17.0
[INFO] [stderr]     Checking gimli v0.21.0
[INFO] [stderr]     Checking object v0.19.0
[INFO] [stderr]     Checking arrayvec v0.5.1
[INFO] [stderr]     Checking fnv v1.0.7
[INFO] [stderr]     Checking smallvec v0.4.5
[INFO] [stderr]     Checking rand_core v0.3.1
[INFO] [stderr]    Compiling xml-rs v0.6.1
[INFO] [stderr]    Compiling kernel32-sys v0.2.2
[INFO] [stderr]    Compiling thread_local v1.0.1
[INFO] [stderr]    Compiling humantime v1.3.0
[INFO] [stderr]    Compiling textwrap v0.11.0
[INFO] [stderr]    Compiling nom v5.1.1
[INFO] [stderr]    Compiling cmake v0.1.44
[INFO] [stderr]    Compiling num-traits v0.2.11
[INFO] [stderr]    Compiling rand_chacha v0.1.1
[INFO] [stderr]    Compiling rand_pcg v0.1.2
[INFO] [stderr]    Compiling rand v0.6.5
[INFO] [stderr]    Compiling phf v0.7.24
[INFO] [stderr]    Compiling bitflags v1.2.1
[INFO] [stderr]    Compiling memchr v2.3.3
[INFO] [stderr]     Checking rand_isaac v0.1.1
[INFO] [stderr]     Checking rand_xorshift v0.1.1
[INFO] [stderr]     Checking rand_hc v0.1.0
[INFO] [stderr]    Compiling clang-sys v0.29.3
[INFO] [stderr]    Compiling x11-dl v2.18.5
[INFO] [stderr]    Compiling xml-rs v0.7.0
[INFO] [stderr]    Compiling log v0.3.9
[INFO] [stderr]    Compiling wayland-scanner v0.9.10
[INFO] [stderr]    Compiling aho-corasick v0.7.10
[INFO] [stderr]    Compiling libloading v0.5.2
[INFO] [stderr]    Compiling libz-sys v1.0.25
[INFO] [stderr]    Compiling rand_os v0.1.3
[INFO] [stderr]    Compiling atty v0.2.14
[INFO] [stderr]    Compiling which v3.1.1
[INFO] [stderr]    Compiling quote v1.0.6
[INFO] [stderr]     Checking rand v0.4.6
[INFO] [stderr]     Checking fs2 v0.2.5
[INFO] [stderr]     Checking shared_library v0.1.9
[INFO] [stderr]    Compiling clap v2.33.1
[INFO] [stderr]    Compiling gl_generator v0.6.1
[INFO] [stderr]    Compiling wayland-client v0.9.10
[INFO] [stderr]    Compiling wayland-protocols v0.9.10
[INFO] [stderr]     Checking memmap v0.4.0
[INFO] [stderr]     Checking osmesa-sys v0.1.2
[INFO] [stderr]    Compiling regex v1.3.7
[INFO] [stderr]    Compiling num-traits v0.1.43
[INFO] [stderr]     Checking approx v0.3.2
[INFO] [stderr]     Checking rand v0.3.23
[INFO] [stderr]     Checking addr2line v0.12.1
[INFO] [stderr]    Compiling serde_json v0.9.10
[INFO] [stderr]     Checking tempfile v2.2.0
[INFO] [stderr]    Compiling cexpr v0.4.0
[INFO] [stderr]     Checking backtrace v0.3.48
[INFO] [stderr]    Compiling phf_generator v0.7.24
[INFO] [stderr]    Compiling glutin v0.10.1
[INFO] [stderr]    Compiling glium v0.18.1
[INFO] [stderr]    Compiling phf_codegen v0.7.24
[INFO] [stderr]    Compiling target_build_utils v0.3.1
[INFO] [stderr]    Compiling env_logger v0.7.1
[INFO] [stderr]    Compiling derive_more v0.99.7
[INFO] [stderr]    Compiling libloading v0.3.4
[INFO] [stderr]     Checking dlib v0.3.1
[INFO] [stderr]     Checking wayland-sys v0.9.10
[INFO] [stderr]     Checking wayland-kbd v0.9.1
[INFO] [stderr]     Checking wayland-window v0.8.0
[INFO] [stderr]     Checking winit v0.8.3
[INFO] [stderr]    Compiling autogenerated-assimp-sys v0.1.0
[INFO] [stderr] error: failed to run custom build command for `autogenerated-assimp-sys v0.1.0`
[INFO] [stderr] 
[INFO] [stderr] Caused by:
[INFO] [stderr]   process didn't exit successfully: `/opt/rustwide/target/debug/build/autogenerated-assimp-sys-24f661a0990b7668/build-script-build` (exit code: 101)
[INFO] [stderr]   --- stdout
[INFO] [stderr]   running: "cmake" "/opt/rustwide/cargo-home/registry/src/github.com-1ecc6299db9ec823/autogenerated-assimp-sys-0.1.0/assimp" "-DASSIMP_BUILD_ASSIMP_TOOLS=OFF" "-DASSIMP_BUILD_TESTS=OFF" "-DASSIMP_INSTALL_PDB=OFF" "-DBUILD_SHARED_LIBS=OFF" "-DLIBRARY_SUFFIX=" "-DCMAKE_SUPPRESS_DEVELOPER_WARNINGS=ON" "-DCMAKE_C_COMPILER=clang" "-DCMAKE_C_FLAGS=-fPIC" "-DCMAKE_INSTALL_PREFIX=/opt/rustwide/target/debug/build/autogenerated-assimp-sys-ce59e4fa504554dd/out" "-DCMAKE_CXX_FLAGS= -ffunction-sections -fdata-sections -fPIC -m64" "-DCMAKE_CXX_COMPILER=/usr/bin/c++" "-DCMAKE_ASM_FLAGS= -ffunction-sections -fdata-sections -fPIC -m64" "-DCMAKE_ASM_COMPILER=/usr/bin/cc" "-DCMAKE_BUILD_TYPE=Debug"
[INFO] [stderr]   -- The C compiler identification is Clang 10.0.0
[INFO] [stderr]   -- The CXX compiler identification is GNU 9.3.0
[INFO] [stderr]   -- Check for working C compiler: /usr/bin/clang
[INFO] [stderr]   -- Check for working C compiler: /usr/bin/clang -- works
[INFO] [stderr]   -- Detecting C compiler ABI info
[INFO] [stderr]   -- Detecting C compiler ABI info - done
[INFO] [stderr]   -- Detecting C compile features
[INFO] [stderr]   -- Detecting C compile features - done
[INFO] [stderr]   -- Check for working CXX compiler: /usr/bin/c++
[INFO] [stderr]   -- Check for working CXX compiler: /usr/bin/c++ -- works
[INFO] [stderr]   -- Detecting CXX compiler ABI info
[INFO] [stderr]   -- Detecting CXX compiler ABI info - done
[INFO] [stderr]   -- Detecting CXX compile features
[INFO] [stderr]   -- Detecting CXX compile features - done
[INFO] [stderr]   -- Shared libraries disabled
[INFO] [stderr]   -- Looking for ZLIB...
[INFO] [stderr]   -- Found PkgConfig: /usr/bin/pkg-config (found version "0.29.1") 
[INFO] [stderr]   -- Checking for module 'zzip-zlib-config'
[INFO] [stderr]   --   No package 'zzip-zlib-config' found
[INFO] [stderr]   -- Found ZLIB: optimized;/usr/lib/x86_64-linux-gnu/libz.so;debug;/usr/lib/x86_64-linux-gnu/libz.so
[INFO] [stderr]   -- Checking for module 'minizip'
[INFO] [stderr]   --   No package 'minizip' found
[INFO] [stderr]   -- Found rt: /usr/lib/x86_64-linux-gnu/librt.so  
[INFO] [stderr]   -- Enabled importer formats: AMF 3DS AC ASE ASSBIN B3D BVH COLLADA DXF CSM HMP IRRMESH IRR LWO LWS M3D MD2 MD3 MD5 MDC MDL NFF NDO OFF OBJ OGRE OPENGEX PLY MS3D COB BLEND IFC XGL FBX Q3D Q3BSP RAW SIB SMD STL TERRAGEN 3D X X3D GLTF 3MF MMD
[INFO] [stderr]   -- Disabled importer formats:
[INFO] [stderr]   -- Enabled exporter formats: OBJ OPENGEX PLY 3DS ASSBIN ASSXML M3D COLLADA FBX STL X X3D GLTF 3MF ASSJSON STEP
[INFO] [stderr]   -- Disabled exporter formats:
[INFO] [stderr]   -- Configuring done
[INFO] [stderr]   -- Generating done
[INFO] [stderr]   -- Build files have been written to: /opt/rustwide/target/debug/build/autogenerated-assimp-sys-ce59e4fa504554dd/out/build
[INFO] [stderr]   running: "cmake" "--build" "." "--target" "install" "--config" "Debug" "--"
[INFO] [stderr]   Scanning dependencies of target IrrXML
[INFO] [stderr]   [  0%] Building CXX object contrib/irrXML/CMakeFiles/IrrXML.dir/irrXML.cpp.o
[INFO] [stderr]   [  0%] Linking CXX static library ../../lib/libIrrXMLd.a
[INFO] [stderr]   [  0%] Built target IrrXML
[INFO] [stderr]   Scanning dependencies of target assimp
[INFO] [stderr]   [  1%] Building CXX object code/CMakeFiles/assimp.dir/Common/Assimp.cpp.o
[INFO] [stderr]   [  1%] Building CXX object code/CMakeFiles/assimp.dir/Common/BaseProcess.cpp.o
[INFO] [stderr]   [  1%] Building CXX object code/CMakeFiles/assimp.dir/CApi/CInterfaceIOWrapper.cpp.o
[INFO] [stderr]   [  2%] Building CXX object code/CMakeFiles/assimp.dir/Common/PostStepRegistry.cpp.o
[INFO] [stderr]   [  3%] Building CXX object code/CMakeFiles/assimp.dir/Common/BaseImporter.cpp.o
[INFO] [stderr]   [  3%] Building CXX object code/CMakeFiles/assimp.dir/Common/ImporterRegistry.cpp.o
[INFO] [stderr]   [  3%] Building CXX object code/CMakeFiles/assimp.dir/Common/DefaultIOStream.cpp.o
[INFO] [stderr]   [  4%] Building CXX object code/CMakeFiles/assimp.dir/Common/DefaultIOSystem.cpp.o
[INFO] [stderr]   [  5%] Building CXX object code/CMakeFiles/assimp.dir/Common/Importer.cpp.o
[INFO] [stderr]   [  5%] Building CXX object code/CMakeFiles/assimp.dir/Common/ZipArchiveIOSystem.cpp.o
[INFO] [stderr]   [  5%] Building CXX object code/CMakeFiles/assimp.dir/Common/SGSpatialSort.cpp.o
[INFO] [stderr]   [  6%] Building CXX object code/CMakeFiles/assimp.dir/Common/VertexTriangleAdjacency.cpp.o
[INFO] [stderr]   [  6%] Building CXX object code/CMakeFiles/assimp.dir/Common/SpatialSort.cpp.o
[INFO] [stderr]   [  7%] Building CXX object code/CMakeFiles/assimp.dir/Common/SceneCombiner.cpp.o
[INFO] [stderr]   [  7%] Building CXX object code/CMakeFiles/assimp.dir/Common/ScenePreprocessor.cpp.o
[INFO] [stderr]   [  7%] Building CXX object code/CMakeFiles/assimp.dir/Common/SkeletonMeshBuilder.cpp.o
[INFO] [stderr]   [  8%] Building CXX object code/CMakeFiles/assimp.dir/Common/StandardShapes.cpp.o
[INFO] [stderr]   [  8%] Building CXX object code/CMakeFiles/assimp.dir/Common/TargetAnimation.cpp.o
[INFO] [stderr]   [  9%] Building CXX object code/CMakeFiles/assimp.dir/Common/RemoveComments.cpp.o
[INFO] [stderr]   [  9%] Building CXX object code/CMakeFiles/assimp.dir/Common/Subdivision.cpp.o
[INFO] [stderr]   [ 10%] Building CXX object code/CMakeFiles/assimp.dir/Common/scene.cpp.o
[INFO] [stderr]   [ 10%] Building CXX object code/CMakeFiles/assimp.dir/Common/Bitmap.cpp.o
[INFO] [stderr]   [ 11%] Building CXX object code/CMakeFiles/assimp.dir/Common/Version.cpp.o
[INFO] [stderr]   [ 11%] Building CXX object code/CMakeFiles/assimp.dir/Common/CreateAnimMesh.cpp.o
[INFO] [stderr]   [ 11%] Building CXX object code/CMakeFiles/assimp.dir/Common/simd.cpp.o
[INFO] [stderr]   [ 12%] Building CXX object code/CMakeFiles/assimp.dir/Common/material.cpp.o
[INFO] [stderr]   [ 12%] Building CXX object code/CMakeFiles/assimp.dir/Common/DefaultLogger.cpp.o
[INFO] [stderr]   [ 13%] Building CXX object code/CMakeFiles/assimp.dir/Common/Exporter.cpp.o
[INFO] [stderr]   [ 13%] Building CXX object code/CMakeFiles/assimp.dir/CApi/AssimpCExport.cpp.o
[INFO] [stderr]   [ 14%] Building CXX object code/CMakeFiles/assimp.dir/PostProcessing/CalcTangentsProcess.cpp.o
[INFO] [stderr]   [ 14%] Building CXX object code/CMakeFiles/assimp.dir/PostProcessing/ComputeUVMappingProcess.cpp.o
[INFO] [stderr]   [ 15%] Building CXX object code/CMakeFiles/assimp.dir/PostProcessing/ConvertToLHProcess.cpp.o
[INFO] [stderr]   [ 15%] Building CXX object code/CMakeFiles/assimp.dir/PostProcessing/EmbedTexturesProcess.cpp.o
[INFO] [stderr]   [ 15%] Building CXX object code/CMakeFiles/assimp.dir/PostProcessing/FindDegenerates.cpp.o
[INFO] [stderr]   [ 16%] Building CXX object code/CMakeFiles/assimp.dir/PostProcessing/FindInstancesProcess.cpp.o
[INFO] [stderr]   [ 16%] Building CXX object code/CMakeFiles/assimp.dir/PostProcessing/FindInvalidDataProcess.cpp.o
[INFO] [stderr]   [ 17%] Building CXX object code/CMakeFiles/assimp.dir/PostProcessing/FixNormalsStep.cpp.o
[INFO] [stderr]   [ 17%] Building CXX object code/CMakeFiles/assimp.dir/PostProcessing/DropFaceNormalsProcess.cpp.o
[INFO] [stderr]   [ 18%] Building CXX object code/CMakeFiles/assimp.dir/PostProcessing/GenFaceNormalsProcess.cpp.o
[INFO] [stderr]   [ 18%] Building CXX object code/CMakeFiles/assimp.dir/PostProcessing/GenVertexNormalsProcess.cpp.o
[INFO] [stderr]   [ 19%] Building CXX object code/CMakeFiles/assimp.dir/PostProcessing/PretransformVertices.cpp.o
[INFO] [stderr]   [ 19%] Building CXX object code/CMakeFiles/assimp.dir/PostProcessing/ImproveCacheLocality.cpp.o
[INFO] [stderr]   [ 19%] Building CXX object code/CMakeFiles/assimp.dir/PostProcessing/JoinVerticesProcess.cpp.o
[INFO] [stderr]   [ 20%] Building CXX object code/CMakeFiles/assimp.dir/PostProcessing/LimitBoneWeightsProcess.cpp.o
[INFO] [stderr]   [ 20%] Building CXX object code/CMakeFiles/assimp.dir/PostProcessing/RemoveRedundantMaterials.cpp.o
[INFO] [stderr]   [ 21%] Building CXX object code/CMakeFiles/assimp.dir/PostProcessing/RemoveVCProcess.cpp.o
[INFO] [stderr]   [ 21%] Building CXX object code/CMakeFiles/assimp.dir/PostProcessing/SortByPTypeProcess.cpp.o
[INFO] [stderr]   [ 22%] Building CXX object code/CMakeFiles/assimp.dir/PostProcessing/SplitLargeMeshes.cpp.o
[INFO] [stderr]   [ 22%] Building CXX object code/CMakeFiles/assimp.dir/PostProcessing/TextureTransform.cpp.o
[INFO] [stderr]   [ 23%] Building CXX object code/CMakeFiles/assimp.dir/PostProcessing/TriangulateProcess.cpp.o
[INFO] [stderr]   [ 23%] Building CXX object code/CMakeFiles/assimp.dir/PostProcessing/ValidateDataStructure.cpp.o
[INFO] [stderr]   [ 23%] Building CXX object code/CMakeFiles/assimp.dir/PostProcessing/OptimizeGraph.cpp.o
[INFO] [stderr]   [ 24%] Building CXX object code/CMakeFiles/assimp.dir/PostProcessing/OptimizeMeshes.cpp.o
[INFO] [stderr]   [ 24%] Building CXX object code/CMakeFiles/assimp.dir/PostProcessing/DeboneProcess.cpp.o
[INFO] [stderr]   [ 25%] Building CXX object code/CMakeFiles/assimp.dir/PostProcessing/ProcessHelper.cpp.o
[INFO] [stderr]   [ 25%] Building CXX object code/CMakeFiles/assimp.dir/PostProcessing/MakeVerboseFormat.cpp.o
[INFO] [stderr]   [ 26%] Building CXX object code/CMakeFiles/assimp.dir/PostProcessing/ScaleProcess.cpp.o
[INFO] [stderr]   [ 26%] Building CXX object code/CMakeFiles/assimp.dir/PostProcessing/ArmaturePopulate.cpp.o
[INFO] [stderr]   [ 26%] Building CXX object code/CMakeFiles/assimp.dir/PostProcessing/GenBoundingBoxesProcess.cpp.o
[INFO] [stderr]   [ 27%] Building CXX object code/CMakeFiles/assimp.dir/PostProcessing/SplitByBoneCountProcess.cpp.o
[INFO] [stderr]   [ 27%] Building CXX object code/CMakeFiles/assimp.dir/Material/MaterialSystem.cpp.o
[INFO] [stderr]   [ 28%] Building CXX object code/CMakeFiles/assimp.dir/AssetLib/STEPParser/STEPFileReader.cpp.o
[INFO] [stderr]   [ 28%] Building CXX object code/CMakeFiles/assimp.dir/AssetLib/STEPParser/STEPFileEncoding.cpp.o
[INFO] [stderr]   [ 29%] Building CXX object code/CMakeFiles/assimp.dir/AssetLib/AMF/AMFImporter.cpp.o
[INFO] [stderr]   [ 29%] Building CXX object code/CMakeFiles/assimp.dir/AssetLib/AMF/AMFImporter_Geometry.cpp.o
[INFO] [stderr]   [ 30%] Building CXX object code/CMakeFiles/assimp.dir/AssetLib/AMF/AMFImporter_Material.cpp.o
[INFO] [stderr]   [ 30%] Building CXX object code/CMakeFiles/assimp.dir/AssetLib/AMF/AMFImporter_Postprocess.cpp.o
[INFO] [stderr]   [ 30%] Building CXX object code/CMakeFiles/assimp.dir/AssetLib/3DS/3DSConverter.cpp.o
[INFO] [stderr]   [ 31%] Building CXX object code/CMakeFiles/assimp.dir/AssetLib/3DS/3DSLoader.cpp.o
[INFO] [stderr]   [ 31%] Building CXX object code/CMakeFiles/assimp.dir/AssetLib/AC/ACLoader.cpp.o
[INFO] [stderr]   [ 32%] Building CXX object code/CMakeFiles/assimp.dir/AssetLib/ASE/ASELoader.cpp.o
[INFO] [stderr]   [ 32%] Building CXX object code/CMakeFiles/assimp.dir/AssetLib/ASE/ASEParser.cpp.o
[INFO] [stderr]   [ 33%] Building CXX object code/CMakeFiles/assimp.dir/AssetLib/Assbin/AssbinLoader.cpp.o
[INFO] [stderr]   [ 33%] Building CXX object code/CMakeFiles/assimp.dir/AssetLib/B3D/B3DImporter.cpp.o
[INFO] [stderr]   [ 34%] Building CXX object code/CMakeFiles/assimp.dir/AssetLib/BVH/BVHLoader.cpp.o
[INFO] [stderr]   [ 34%] Building CXX object code/CMakeFiles/assimp.dir/AssetLib/Collada/ColladaHelper.cpp.o
[INFO] [stderr]   [ 34%] Building CXX object code/CMakeFiles/assimp.dir/AssetLib/Collada/ColladaLoader.cpp.o
[INFO] [stderr]   [ 35%] Building CXX object code/CMakeFiles/assimp.dir/AssetLib/Collada/ColladaParser.cpp.o
[INFO] [stderr]   [ 35%] Building CXX object code/CMakeFiles/assimp.dir/AssetLib/DXF/DXFLoader.cpp.o
[INFO] [stderr]   [ 36%] Building CXX object code/CMakeFiles/assimp.dir/AssetLib/CSM/CSMLoader.cpp.o
[INFO] [stderr]   [ 36%] Building CXX object code/CMakeFiles/assimp.dir/AssetLib/HMP/HMPLoader.cpp.o
[INFO] [stderr]   [ 37%] Building CXX object code/CMakeFiles/assimp.dir/AssetLib/Irr/IRRMeshLoader.cpp.o
[INFO] [stderr]   [ 37%] Building CXX object code/CMakeFiles/assimp.dir/AssetLib/Irr/IRRShared.cpp.o
[INFO] [stderr]   [ 37%] Building CXX object code/CMakeFiles/assimp.dir/AssetLib/LWO/LWOAnimation.cpp.o
[INFO] [stderr]   [ 38%] Building CXX object code/CMakeFiles/assimp.dir/AssetLib/Irr/IRRLoader.cpp.o
[INFO] [stderr] 
[INFO] [stderr]   --- stderr
[INFO] [stderr]   CMake Warning:
[INFO] [stderr]     Manually-specified variables were not used by the project:
[INFO] [stderr] 
[INFO] [stderr]       CMAKE_ASM_COMPILER
[INFO] [stderr]       CMAKE_ASM_FLAGS
[INFO] [stderr] 
[INFO] [stderr] 
[INFO] [stderr]   c++: fatal error: Killed signal terminated program cc1plus
[INFO] [stderr]   compilation terminated.
[INFO] [stderr]   make[2]: *** [code/CMakeFiles/assimp.dir/build.make:856: code/CMakeFiles/assimp.dir/AssetLib/STEPParser/STEPFileReader.cpp.o] Error 1
[INFO] [stderr]   make[2]: *** Waiting for unfinished jobs....
[INFO] [stderr]   c++: fatal error: Killed signal terminated program cc1plus
[INFO] [stderr]   compilation terminated.
[INFO] [stderr]   make[2]: *** [code/CMakeFiles/assimp.dir/build.make:973: code/CMakeFiles/assimp.dir/AssetLib/ASE/ASELoader.cpp.o] Error 1
[INFO] [stderr]   c++: fatal error: Killed signal terminated program cc1plus
[INFO] [stderr]   compilation terminated.
[INFO] [stderr]   make[2]: *** [code/CMakeFiles/assimp.dir/build.make:986: code/CMakeFiles/assimp.dir/AssetLib/ASE/ASEParser.cpp.o] Error 1
[INFO] [stderr]   make[1]: *** [CMakeFiles/Makefile2:188: code/CMakeFiles/assimp.dir/all] Error 2
[INFO] [stderr]   make: *** [Makefile:130: all] Error 2
[INFO] [stderr]   thread 'main' panicked at '
[INFO] [stderr]   command did not execute successfully, got: exit code: 2
[INFO] [stderr] 
[INFO] [stderr]   build script failed, must exit now', /opt/rustwide/cargo-home/registry/src/github.com-1ecc6299db9ec823/cmake-0.1.44/src/lib.rs:885:5
[INFO] [stderr]   stack backtrace:
[INFO] [stderr]      0:     0x5617fac1d665 - backtrace::backtrace::libunwind::trace::h5e2646fa3eddf2ea
[INFO] [stderr]                                  at /cargo/registry/src/github.com-1ecc6299db9ec823/backtrace-0.3.46/src/backtrace/libunwind.rs:86
[INFO] [stderr]      1:     0x5617fac1d665 - backtrace::backtrace::trace_unsynchronized::hb95dd7f77ce47877
[INFO] [stderr]                                  at /cargo/registry/src/github.com-1ecc6299db9ec823/backtrace-0.3.46/src/backtrace/mod.rs:66
[INFO] [stderr]      2:     0x5617fac1d665 - std::sys_common::backtrace::_print_fmt::h5e71b67af43fd70d
[INFO] [stderr]                                  at src/libstd/sys_common/backtrace.rs:78
[INFO] [stderr]      3:     0x5617fac1d665 - <std::sys_common::backtrace::_print::DisplayBacktrace as core::fmt::Display>::fmt::hdb4a83d2b61107e5
[INFO] [stderr]                                  at src/libstd/sys_common/backtrace.rs:59
[INFO] [stderr]      4:     0x5617fac4880c - core::fmt::write::ha20e7262fa3e8a7a
[INFO] [stderr]                                  at src/libcore/fmt/mod.rs:1076
[INFO] [stderr]      5:     0x5617fac196a2 - std::io::Write::write_fmt::h1aebfe8a5a79e36d
[INFO] [stderr]                                  at src/libstd/io/mod.rs:1537
[INFO] [stderr]      6:     0x5617fac205c0 - std::sys_common::backtrace::_print::h9c07314cc66ba539
[INFO] [stderr]                                  at src/libstd/sys_common/backtrace.rs:62
[INFO] [stderr]      7:     0x5617fac205c0 - std::sys_common::backtrace::print::hd1fd65f49a2d8544
[INFO] [stderr]                                  at src/libstd/sys_common/backtrace.rs:49
[INFO] [stderr]      8:     0x5617fac205c0 - std::panicking::default_hook::{{closure}}::h222da46485ab36fc
[INFO] [stderr]                                  at src/libstd/panicking.rs:198
[INFO] [stderr]      9:     0x5617fac2030c - std::panicking::default_hook::hc5868949d129ed00
[INFO] [stderr]                                  at src/libstd/panicking.rs:217
[INFO] [stderr]     10:     0x5617fac20c03 - std::panicking::rust_panic_with_hook::h26a6ab8b0993c0c8
[INFO] [stderr]                                  at src/libstd/panicking.rs:526
[INFO] [stderr]     11:     0x5617fac207fb - rust_begin_unwind
[INFO] [stderr]                                  at src/libstd/panicking.rs:437
[INFO] [stderr]     12:     0x5617fac2076b - std::panicking::begin_panic_fmt::h2ff295231415d4a6
[INFO] [stderr]                                  at src/libstd/panicking.rs:391
[INFO] [stderr]     13:     0x5617fa636ed7 - cmake::fail::hbf3b3064f6ac2374
[INFO] [stderr]                                  at /opt/rustwide/cargo-home/registry/src/github.com-1ecc6299db9ec823/cmake-0.1.44/src/lib.rs:885
[INFO] [stderr]     14:     0x5617fa63681e - cmake::run::h7022a569bc98d054
[INFO] [stderr]                                  at /opt/rustwide/cargo-home/registry/src/github.com-1ecc6299db9ec823/cmake-0.1.44/src/lib.rs:863
[INFO] [stderr]     15:     0x5617fa632f40 - cmake::Config::build::h5031cdca9200bd9d
[INFO] [stderr]                                  at /opt/rustwide/cargo-home/registry/src/github.com-1ecc6299db9ec823/cmake-0.1.44/src/lib.rs:769
[INFO] [stderr]     16:     0x5617fa5fe2f5 - build_script_build::main::h68cae3b95ac619bc
[INFO] [stderr]                                  at /opt/rustwide/cargo-home/registry/src/github.com-1ecc6299db9ec823/autogenerated-assimp-sys-0.1.0/build.rs:40
[INFO] [stderr]     17:     0x5617fa60100b - std::rt::lang_start::{{closure}}::h1d7ea4c529e12f50
[INFO] [stderr]                                  at /rustc/cfbc6d4cf1acbac5c025acf8ed68929caa551df3/src/libstd/rt.rs:67
[INFO] [stderr]     18:     0x5617fac210a3 - std::rt::lang_start_internal::{{closure}}::h84a998219831fa70
[INFO] [stderr]                                  at src/libstd/rt.rs:52
[INFO] [stderr]     19:     0x5617fac210a3 - std::panicking::try::do_call::he8e1d689a3e26def
[INFO] [stderr]                                  at src/libstd/panicking.rs:348
[INFO] [stderr]     20:     0x5617fac210a3 - std::panicking::try::h264b6eebc2fa7bbf
[INFO] [stderr]                                  at src/libstd/panicking.rs:325
[INFO] [stderr]     21:     0x5617fac210a3 - std::panic::catch_unwind::hbf28fafa723b2128
[INFO] [stderr]                                  at src/libstd/panic.rs:394
[INFO] [stderr]     22:     0x5617fac210a3 - std::rt::lang_start_internal::he959aa59bc3ec202
[INFO] [stderr]                                  at src/libstd/rt.rs:51
[INFO] [stderr]     23:     0x5617fa600fe7 - std::rt::lang_start::h8cc93035a4535e97
[INFO] [stderr]                                  at /rustc/cfbc6d4cf1acbac5c025acf8ed68929caa551df3/src/libstd/rt.rs:67
[INFO] [stderr]     24:     0x5617fa60046a - main
[INFO] [stderr]     25:     0x7f060ffd70b3 - __libc_start_main
[INFO] [stderr]     26:     0x5617fa5fd1ae - _start
[INFO] [stderr]     27:                0x0 - <unknown>
[INFO] running `Command { std: "docker" "inspect" "3c178890d27d1ed49de84492f91f9b456fd2491deac594f6f13d6debde8551c8", kill_on_drop: false }`
[INFO] running `Command { std: "docker" "rm" "-f" "3c178890d27d1ed49de84492f91f9b456fd2491deac594f6f13d6debde8551c8", kill_on_drop: false }`
[INFO] [stdout] 3c178890d27d1ed49de84492f91f9b456fd2491deac594f6f13d6debde8551c8
